2?
177493
In base 4, what is 32120300102 + 130?
32120300232
In base 14, what is -14c312c + 3?
-14c3129
In base 11, what is 37a06828 + 0?
37a06828
In base 10, what is 1 + 19981788?
19981789
In base 15, what is -6 - bcdc0?
-bcdc6
In base 12, what is 38bb5b0 - 1?
38bb5ab
In base 11, what is 0 - -1913586?
1913586
In base 7, what is -1315665553 + -21?
-1315665604
In base 8, what is 2156 + 14013?
16171
In base 6, what is -2211001 - 55?
-2211100
In base 7, what is 15 + 51463402?
51463420
In base 15, what is 8a - 470c8?
-4703d
In base 8, what is 1713 - -5173?
7106
In base 5, what is 1021413000 + 1?
1021413001
In base 10, what is 5755153 - 33?
5755120
In base 7, what is -106054 - 10440?
-116524
In base 9, what is -3211 + -10036?
-13247
In base 12, what is 32bb - 612?
28a9
In base 10, what is 3 - 2051380?
-2051377
In base 10, what is -3 + 8294570?
8294567
In base 8, what is 3113635 + -3?
3113632
In base 14, what is 1450db - 4d?
14508c
In base 10, what is 16895682 - 12?
16895670
In base 15, what is 19 - -abe439?
abe453
In base 2, what is 11000011011010010000000100 + 10?
11000011011010010000000110
In base 2, what is -1011001101101 + -1011001011111?
-10110011001100
In base 14, what is -3b713 + -7?
-3b71a
In base 16, what is 10c0b3 - -17c?
10c22f
In base 9, what is -820532745 - 2?
-820532747
In base 7, what is 1 - 64524653?
-64524652
In base 7, what is -1222 - -1111201?
1106646
In base 5, what is 440 + 112203141?
112204131
In base 4, what is 3022113223 - -13?
3022113302
In base 2, what is 100 - -1101001111010110000000100011?
1101001111010110000000100111
In base 15, what is -1ee - 200c39?
-200e38
In base 9, what is 7148 - -40161?
47320
In base 14, what is 3dc77 - 1b4?
3daa3
In base 5, what is 1 - -323444220114?
323444220120
In base 13, what is 1123 - -30293?
313b6
In base 3, what is 1112222202 + 2111100?
1122111002
In base 16, what is -2821 + 1901?
-f20
In base 15, what is -2b14c - -9?
-2b143
In base 15, what is 4ec248 + 21?
4ec269
In base 8, what is 15 - 1324474?
-1324457
In base 15, what is -1dc3 - -7c3?
-1600
In base 15, what is 6b6d + 7?
6b75
In base 7, what is 30 + -34016563?
-34016533
In base 10, what is -147 - 4070?
-4217
In base 8, what is 1117103 + -601?
1116302
In base 8, what is 70764 - -716?
71702
In base 6, what is 203521112331 - 5?
203521112322
In base 6, what is 223 - -2131314?
2131541
In base 6, what is -152501 + 10345?
-142112
In base 12, what is 14 + 17064?
17078
In base 10, what is -1290467 + 10?
-1290457
In base 12, what is 298227a1 - -3?
298227a4
In base 13, what is -8508253 + -18?
-850826b
In base 2, what is 110101100110110000 + -100?
110101100110101100
In base 11, what is -29518 + 12a3a?
-16589
In base 2, what is 111001110 - -1011110101110011100?
1011110110101101010
In base 14, what is -259b696 + 1?
-259b695
In base 6, what is -1141330 + 21?
-1141305
In base 9, what is 31602 + 1862?
33564
In base 9, what is -2174276 + -6?
-2174283
In base 16, what is 1ebf - -3ba8?
5a67
In base 7, what is -16000 - -123440?
104440
In base 12, what is 4836565 + -1?
4836564
In base 9, what is -27 + -355652?
-355680
In base 15, what is -4eb9 - 191?
-515a
In base 8, what is -24 - 32555551?
-32555575
In base 3, what is -10022120020211202 - 2?
-10022120020211211
In base 16, what is -2 - 30fe94a?
-30fe94c
In base 2, what is 1 + -1000110110101111000011?
-1000110110101111000010
In base 6, what is -503323 + -352?
-504115
In base 7, what is 6330205 - -23?
6330231
In base 12, what is 38867 + 697?
39342
In base 6, what is -1023150 - -321?
-1022425
In base 8, what is -10543 - 140663?
-151426
In base 8, what is -16670 - -766?
-15702
In base 13, what is 109c832c - 1?
109c832b
In base 14, what is -348 - -3c7d2?
3c488
In base 14, what is -1873 + 645?
-122c
In base 8, what is 33 + 22044434?
22044467
In base 14, what is 30ac16 - -4c?
30ac64
In base 7, what is 4 - 16062231?
-16062224
In base 12, what is 108a + 11564?
12632
In base 7, what is 13166 + 11314?
24513
In base 7, what is 10 + -121422352?
-121422342
In base 5, what is -10134042 - -10440?
-10123102
In base 8, what is 420 - 476114?
-475474
In base 3, what is -1202 + 202100221221?
202100220012
In base 15, what is 1 + -13d2cc?
-13d2cb
In base 14, what is 1a5 - 8dcd?
-8c28
In base 12, what is -8820b - -a3b?
-87390
In base 7, what is 1242013155 - 10?
1242013145
In base 14, what is 3343 - -41c?
3761
In base 4, what is -20330121 - 10033?
-21000220
In base 11, what is -802 + 33472?
32770
In base 9, what is -5 + -106033832?
-106033837
In base 16, what is 216 - 1750?
-153a
In base 5, what is -2130 - 4012412?
-4020042
In base 3, what is 1210221222 + -220222?
1210001000
In base 15, what is 9168c0c + 2?
9168c0e
In base 8, what is -21037 - -4554?
-14263
In base 13, what is -747 + 1156c?
10b25
In base 5, what is 13114 - -2310133?
2323302
In base 10, what is 19 - -143932?
143951
In base 7, what is 2234160 - 33?
2234124
In base 10, what is 1 - -1283199?
1283200
In base 14, what is 427d8 - 1957?
40c81
In base 15, what is -e1e749 - 4?
-e1e74d
In base 9, what is -4 - -485176?
485172
In base 16, what is 701d1 + -285?
6ff4c
In base 8, what is 414073 + 261?
414354
In base 14, what is -cc60 - 601?
-d461
In base 16, what is 1f6 - f0bf?
-eec9
In base 8, what is -7436 + 306172?
276534
In base 12, what is -50b397 + -6?
-50b3a1
In base 6, what is -1222300 + -1533?
-1224233
In base 5, what is -3141231 + 4014?
-3132212
In base 8, what is -5 + 61615647?
61615642
In base 10, what is -3 + 75088970?
75088967
In base 7, what is 442330013 + -11?
442330002
In base 13, what is -31b1a4b + -14?
-31b1a62
In base 3, what is 112100022 - 211020001?
-21212202
In base 7, what is 2325 + -4240315?
-4234660
In base 6, what is 351 + -14023514?
-14023123
In base 4, what is -231112202223300 + 0?
-231112202223300
In base 4, what is -2 + -121020130321?
-121020130323
In base 16, what is -4 + 2c003e6?
2c003e2
In base 5, what is 140240401 - 132?
140240214
In base 6, what is -314125134 - 14?
-314125152
In base 12, what is -2020 - 870?
-2890
In base 14, what is 1 + 2725bd8?
2725bd9
In base 5, what is -42312302 + -20?
-42312322
In base 9, what is -34717348 - -1?
-34717347
In base 6, what is -542200045 + 1?
-542200044
In base 7, what is -325024250 - -2?
-325024245
In base 2, what is 1011011 + -1000010110011001100010?
-1000010110011000000111
In base 16, what is -8 + -fd4ab9?
-fd4ac1
In base 15, what is -491d4 - -95?
-4913e
In base 15, what is -71b4 - -8752?
158d
In base 2, what is 101 - -11001100011110001101111010?
11001100011110001101111111
In base 11, what is 2685a0465 - 4?
2685a0461
In base 14, what is 42685c - 1?
42685b
In base 11, what is aa0 - 220394?
-21a3a4
In base 8, what is 275254757 + -5?
275254752
In base 2, what is 110110000100000 - 11011011010011?
11010101001101
In base 6, what is -1045 + -334101?
-335150
In base 10, what is -3733 - 26138?
-29871
In base 9, what is -48 + -18364?
-18423
In base 10, what is -1895357 - 4?
-1895361
In base 12, what is -3 + -1aa0349?
-1aa0350
In base 14, what is 61d4756 + 5?
61d475b
In base 8, what is 37 + -13643105?
-13643046
In base 2, what is -1010 - 110111100101101101?
-110111100101110111
In base 5, what is -1204 - -234114010?
234112301
In base 15, what is 107 + 3ab3?
3bba
In base 14, what is 164002 + -4d?
163d93
In base 8, what is -123 + 2576564?
2576441
In base 10, what is 357842744 + -2?
357842742
In base 14, what is 2b2b5 + -4?
2b2b1
In base 5, what is 41 + 242340?
242431
In base 16, what is -a2 + -1c74?
-1d16
In base 7, what is -36524 - 35640?
-105464
In base 12, what is 3423b1 + -97?
342316
In base 6, what is 4211551 + -10520?
4201031
In base 13, what is 4 - -1022371?
1022375
In base 16, what is -491 + -5c003?
-5c494
In base 6, what is 4450 - 445241?
-440351
In base 15, what is -123cab5 + -4?
-123cab9
In base 8, what is -147051 - -1726?
-145123
In base 10, what is -7 - 13345758?
-13345765
In base 2, what is -10001100000 + -11110001000101?
-100000010100101
In base 14, what is 14 + -c9aa9?
-c9a95
In base 16, what is -2e8d407 - 2?
-2e8d409
In base 15, what is -1 + -67c3265?
-67c3266
In base 2, what is -100100000011100 - 110100111?
-100100111000011
In base 8, what is 135722 - -576?
136520
In base 9, what is 1142385 - 13?
1142372
In base 14, what is -1 + 6bb32c?
6bb32b
In base 9, what is -222412 + -63?
-222475
In base 11, what